 6 = -2, -16 = -j + 2*u. What is the highest common divisor of 20 and j?
4
Let x = -59 + 79. Let b = 2 - -158. What is the greatest common factor of b and x?
20
Let h = 19 + -7. Let g(m) = 2 - 13 + 13*m**2 - m**3 + 1 - 10*m. Let j be g(h). Calculate the highest common divisor of j and 21.
7
Let k(m) = -2*m + 13. Let b be k(0). Calculate the highest common factor of 143 and b.
13
Suppose -4*p = -2*w + 2, 25 = -2*w + 7*w. Suppose -4*x - p = -2*v, 3 + 18 = v + 3*x. Calculate the highest common factor of v and 81.
9
Suppose -4*y + 8 = -0. Let s be (4/6)/(y/33). Let p(r) = 3*r - 7. Let l be p(6). Calculate the greatest common divisor of s and l.
11
Suppose 0 = 3*h - 2*h - 3*o - 43, 0 = -3*h + 5*o + 125. Calculate the greatest common factor of h and 16.
8
Let g be 4/16 - (-19)/4. What is the highest common divisor of 40 and g?
5
Suppose 3*f = 2*f + 7. Let r be (-5)/((14/(-4))/f). What is the greatest common divisor of 4 and r?
2
Let z be 1/((-1)/3*1). Let c(f) = f**3 + 4*f**2. Let k be c(z). Suppose 0 = 5*t - 167 - 13. What is the greatest common divisor of t and k?
9
Let l = 19 + -9. What is the greatest common divisor of l and 10?
10
Let v(z) = -z - 6. Let w be v(-8). Suppose -4*x - 14 = 2*c, c = -x - c - 8. Let g be 47 - (x + 2/w). What is the highest common divisor of g and 6?
6
Let t(v) = v**2 + 5*v + 1. Let c be t(-6). Let g(p) = -p**2 + 7*p + 1. Let o be g(6). Calculate the greatest common factor of c and o.
7
Let u be 1/(-3) + 400/48. What is the highest common divisor of 88 and u?
8
Suppose v - 6 - 18 = 0. Calculate the greatest common factor of 6 and v.
6
Suppose 3*c - 15 = -2*c, -2*q + 4*c - 12 = 0. Let r = 13 - q. Calculate the greatest common divisor of r and 65.
13
Let z(r) = r**2 - r - 9. Let j be z(-9). Let l = j - 9. What is the highest common factor of l and 18?
18
Let y = -2 - -4. Suppose y*u - 13 = -3*m + 11, 0 = 4*m + u - 27. Calculate the greatest common factor of 18 and m.
6
Suppose -5*q - 5 = -40. Let o(a) = 2*a**3 + 4*a - 3. Let v be o(3). Calculate the greatest common factor of v and q.
7
Suppose -8 = -u - 3*u. Let i be (1 + 1)/u - -8. Calculate the greatest common factor of 9 and i.
9
Let l(s) be the third derivative of s**4/8 - s**3/2 - s**2. Let f be l(4). Suppose -3 = -3*a + 24. What is the highest common factor of a and f?
9
Let s = 71 - 130. Suppose -4*v + 2*v = 172. Let w = s - v. What is the greatest common factor of 3 and w?
3
Let f(k) = k**3 - 11*k**2 + 3. Suppose -g = g - 22. Let i be f(g). Let q be (-30)/4*(-2 + 0). Calculate the greatest common divisor of i and q.
3
Let v be 6 - (1 - 1 - -3). Let r be (-4)/v*15/(-10). Calculate the greatest common factor of 8 and r.
2
Suppose 2*y - 4*t - t = 63, 5*t - 57 = -3*y. What is the highest common divisor of 192 and y?
24
Let f(a) be the third derivative of a**4/24 + 11*a**2. Suppose 3*l + 2 = 17, -3*n + 16 = -l. Let t be f(n). Calculate the highest common divisor of 56 and t.
7
Let q be 26/65 - (-1 + 4716/(-10)). What is the greatest common divisor of q and 43?
43
Suppose -2*j = -8, 0 = -3*p + 5*j + 117 + 94. Suppose -5*q + 15 = 0, u - q - p = -3*u. Suppose -2 = l - 6. What is the highest common divisor of l and u?
4
Let k = 94 - 69. Calculate the greatest common factor of 100 and k.
25
Let m(d) = -d**2 + 7*d + 8. Let b be m(6). Let c be b + (4 - 2) - 2. Let k be (105/(-10))/(1/(-2)). Calculate the greatest common divisor of c and k.
7
Let c = 1 + -8. Let u(y) = -y + 1. Let q be u(c). Let g = 301 - 213. What is the highest common factor of q and g?
8
Suppose 2*y = 4*y - 72. Let a = -3 + 3. Suppose -3*h - 8 = -o - 4*o, a = -5*h + 4*o + 4. What is the highest common factor of h and y?
4
Suppose 3 = -3*c + 3*p, 4*p = 2*c - 0 + 12. Suppose m = -c*n + 29, 0 = -3*n - 7 - 5. Let j be 1*-2*15/(-2). Calculate the greatest common divisor of j and m.
15
Let l be (1 - -6)*4 - -2. Let k = -22 - 13. Let j = -20 - k. Calculate the greatest common divisor of j and l.
15
Let b = 74 + -37. What is the highest common factor of 407 and b?
37
Let u(f) = -4*f - 7. Let h be u(-8). Suppose 4*a - h = -1. Let x be ((-54)/15)/((-1)/5). What is the greatest common factor of a and x?
6
Let v = 119 + -89. What is the highest common divisor of 40 and v?
10
Suppose 2*y + 0*y - 18 = 0. Let m = 5 - 0. Suppose -m - 1 = -l. Calculate the greatest common divisor of y and l.
3
Let k(f) = -11*f + 66. Let c be k(-9). Calculate the highest common factor of 15 and c.
15
Let m(j) be the first derivative of j**2/2 - 3*j - 1. Let c be m(4). Let i = 5 + -1. Calculate the highest common factor of i and c.
1
Suppose 0 = -r + 13 + 1. Let b = 103 - 47. Calculate the greatest common factor of r and b.
14
Let q(p) = -3*p**3 - 2*p**2 + 4*p + 5. Let y be q(-3). Calculate the greatest common factor of 7 and y.
7
Let i = 97 - 27. Let p be 2/3 - 82/(-3). What is the highest common factor of i and p?
14
Suppose -2*f = -k - 80, 3*k = f - 2*k - 31. Calculate the greatest common factor of f and 451.
41
Suppose -7*i = -2*i - 35. Suppose 0 = -0*o + 5*o - 2*n - 707, 0 = -4*o - 2*n + 562. Let l be (-2)/8 - o/(-4). What is the highest common divisor of i and l?
7
Suppose n - 366 = 30. Suppose -4*r = -0*r - n. What is the greatest common divisor of r and 9?
9
Let y(d) be the third derivative of d**4/24 + 4*d**3/3 - 8*d**2. Let c be y(-4). What is the highest common divisor of 32 and c?
4
Let k(f) = -1 + 0*f - 3*f - 4*f**2 + 3*f. Let p be k(-1). Let h = 13 + p. What is the greatest common divisor of h and 8?
8
Let g be 4/18 - (-5)/45*565. What is the greatest common divisor of 42 and g?
21
Suppose -3*i + 2 + 388 = 0. Suppose k + 3*o = 2*o - 31, -k - 31 = -5*o. Let r = k + i. What is the greatest common factor of 11 and r?
11
Let q(g) be the first derivative of -g**3/3 - 4*g**2 - 7*g + 3. Let z be q(-6). Calculate the highest common factor of 45 and z.
5
Let o be (3/(-3) - 0)*2. Let y(r) = r**2 + r + 1. Let g be y(o). Let k be ((-8)/g)/(2/(-6)). What is the greatest common divisor of 56 and k?
8
Suppose 5*z + 55 - 735 = 0. Calculate the highest common divisor of z and 17.
17
Let g = -72 + 138. Calculate the highest common divisor of g and 6.
6
Suppose -3*w + 2*w + 7 = 0. Let s = w - 0. Calculate the greatest common divisor of 77 and s.
7
Suppose 78 + 82 = 4*f. What is the greatest common divisor of 16 and f?
8
Let a(l) = 3*l - 2. Let x be a(2). Suppose -x*w - n + 27 = -2*n, n - 5 = 0. Let f be 50/3 - w/12. What is the greatest common divisor of f and 32?
16
Let h be (-200)/(-32) - 1/4. Let a be 4/h + 240/18. What is the greatest common divisor of a and 21?
7
Suppose -6 = -3*k - 0. Suppose 4*r = 14 - k. Suppose -r*y - 2*y - 26 = -3*m, 3*m - 20 = -y. Calculate the highest common factor of m and 77.
7
Suppose t + 2*d = -0*t - 16, -t - 31 = 5*d. Let p = 11 + t. Suppose 3*c - 111 = -2*k, -2*c - 4*k = 2*c - 152. Calculate the greatest common divisor of c and p.
5
Let w be (-1)/4 + 1095/12. Suppose -5*g = -4*l - 81, -36 = -4*g - l - 3*l. What is the highest common divisor of g and w?
13
Let d = 0 - -2. Let g(n) = 2*n**2 - n - 1. Let u be g(d). Suppose 0 = u*f - 5. What is the greatest common divisor of 1 and f?
1
Let g be -1 - -70 - ((-1 - -9) + -5). What is the greatest common divisor of g and 33?
33
Let v(c) be the second derivative of c**5/5 - c**4/12 - c**2 + 4*c. Let b be v(2). Calculate the highest common divisor of b and 182.
26
Let i be 75/(-6)*(-30)/3. Calculate the greatest common factor of 25 and i.
25
Suppose 4*d - 42 = 3*d. What is the highest common divisor of 105 and d?
21
Let k be 7/(28/204) - 3. Calculate the greatest common factor of 112 and k.
16
Let d be (6/12*-1)/((-1)/56). Suppose 3*z - 14 = 19. Let g = 15 - z. What is the highest common divisor of d and g?
4
Suppose 5*x + 1 = 26. Let l be (-4)/(-22) + 1604/11. Suppose -l = -x*z - 2*j, 2*z = 3*z + 3*j - 37. What is the highest common divisor of z and 42?
14
Let g be (9/2)/((-1)/(-34)). Suppose -g = s - 4*s. What is the highest common divisor of s and 17?
17
Let t = -10 - -12. Suppose t*q = -0*q + 66. Let x = 29 - 18. What is the highest common divisor of q and x?
11
Let x(c) = c**2 + 4*c - 6. Let r = -20 - -13. Let f be x(r). What is the greatest common factor of f and 105?
15
Let y(p) = 8*p**2 + p + 1. Let v be y(-3). Suppose 28 = 2*b - 4*w + w, -w = -5*b + v. Calcu